{"id":2008,"date":"2019-05-22T06:54:06","date_gmt":"2019-05-22T06:54:06","guid":{"rendered":"https:\/\/capacity.ulb.be\/?page_id=2008"},"modified":"2025-06-25T13:19:55","modified_gmt":"2025-06-25T13:19:55","slug":"bibliography","status":"publish","type":"page","link":"https:\/\/capacity.ulb.be\/index.php\/en\/bibliography\/","title":{"rendered":"Bibliography"},"content":{"rendered":"<h4>Articles:<\/h4>\n<p style=\"padding-left: 40px;\"><a style=\"text-decoration: none;\" href=\"https:\/\/capacity.ulb.be\/wp-content\/uploads\/2019\/04\/Engels-Bavay-Tsingarida.pdf\">L. Engels, L. Bavay, A. Tsingarida, &#8220;Calculating vessel capacities: A new web-based solution&#8221;, Proceedings of the Symposium held at the Universit\u00e9 libre de Bruxelles 27-29 April 2006, 2009, 129 \u2013 133.<\/a><\/p>\n<p style=\"padding-left: 40px;\"><a style=\"text-decoration: none;\" href=\"https:\/\/capacity.ulb.be\/wp-content\/uploads\/2025\/06\/Chapitre-IV-Laurent-Bavay-Rudy-Ercek-Cydrisse-Cateloy-p469-484.pdf\">L. Bavay, R. Ercek, C. Cateloy, &#8220;\u2018Capacity\u2019, the ULB Solution for Vessel Capacity Calculation&#8221;, The Corpus Vasorum Antiquorum 1922-2022. A Century of Exploring Greek Vases: Typologies, Readings and Debates., 2024, 469 \u2013 484.<\/a><\/p>\n<h4>A selection of publications which mention and use the tool:<\/h4>\n<p style=\"padding-left: 40px;\">D. Haggis et al., \u201cThe excavation of Archaic houses at Azoria in 2005 -2006\u201d, Hesperia 80 (2011), 431 -489 (p. 454, note 33).<\/p>\n<p style=\"padding-left: 40px;\">St. Hendrickx, F. F\u00f6rster, M. Eyckerman, \u201cThe Pharaonic pottery of the Abu Ballas Trail:\u201d\u2019Filling stations\u2019 along a desert highway in southwestern Egypt\u201d, in R. Kuper (ed.), Desert Road Archaeology, K\u00f6ln 2013, 339 \u2013 379 (p. 375).<\/p>\n<p style=\"padding-left: 40px;\">J. Kysela, \u201cEst-ce-que les B\u00e9otiens se lavaient? Objets de toilette m\u00e9diterran\u00e9ens en Boh\u00eame \u00e0 la T\u00e8ne final \u00bb, Transalpinare. M\u00e9langes offerts \u00e0 Anne-Marie Adam, Bordeaux, 2014, 455 \u2013 467 (p. 462, note 36).<\/p>\n<p style=\"padding-left: 40px;\">J. Molina Vidal, D. M. Corredor, \u201cThe Roman Amphorae Average Capacity (AC)\u201d, Oxford Journal of Archaeology 37 (2018), 299 -311 : \u201cOne of the most interesting proposals is the online application developed by the Center for Research in Archaeology and Patrimony in Brussels which is easy to use and does not require the installation of any software on the computer\u201d (p. 300).<\/p>\n<p style=\"padding-left: 40px;\">A.Steiner &amp; R. Bidgood, \u201cStandard Measures and Black Gloss Pottery for state magistrates from the 5th Century B.C.E. Tholos at Athens\u201d, Journal of Archaeological Science reports (2017), 1009 \u2013 1018.<\/p>\n<p style=\"padding-left: 40px;\">E.V. Sukhanov, \u201cThe capacity of Northern Pontic amphorae of the 8th -10th centuries\u201d, Mediterranean Archaeology and Archaeometry 18.2 (2018), 119 -125 (p. 121).<\/p>\n<p style=\"padding-left: 40px;\">K. M. Lynch, R.A. Bidgood, \u201cCapacity of sympotic vessels from the excavations of the Athenian Agora\u201d, in M. Langner, St. Schmidt (eds), Die Materialit\u00e4t griechischer Vasen. Mikrohistorische Perspektiven in der Vasenforschung, Muncih 2020, 77-86 (sp. Appendix: 82-83).<\/p>\n","protected":false},"excerpt":{"rendered":"<p>Articles: L. Engels, L. Bavay, A. Tsingarida, &#8220;Calculating vessel capacities: A new web-based solution&#8221;, Proceedings of the Symposium held at the Universit\u00e9 libre de Bruxelles 27-29 April 2006, 2009, 129 \u2013 133. L. Bavay, R. Ercek, C. Cateloy, &#8220;\u2018Capacity\u2019, the ULB Solution for Vessel Capacity Calculation&#8221;, The Corpus Vasorum Antiquorum &hellip;<\/p>\n","protected":false},"author":1,"featured_media":0,"parent":0,"menu_order":0,"comment_status":"closed","ping_status":"closed","template":"","meta":{"footnotes":""},"class_list":["post-2008","page","type-page","status-publish","hentry"],"_links":{"self":[{"href":"https:\/\/capacity.ulb.be\/index.php\/wp-json\/wp\/v2\/pages\/2008","targetHints":{"allow":["GET"]}}],"collection":[{"href":"https:\/\/capacity.ulb.be\/index.php\/wp-json\/wp\/v2\/pages"}],"about":[{"href":"https:\/\/capacity.ulb.be\/index.php\/wp-json\/wp\/v2\/types\/page"}],"author":[{"embeddable":true,"href":"https:\/\/capacity.ulb.be\/index.php\/wp-json\/wp\/v2\/users\/1"}],"replies":[{"embeddable":true,"href":"https:\/\/capacity.ulb.be\/index.php\/wp-json\/wp\/v2\/comments?post=2008"}],"version-history":[{"count":3,"href":"https:\/\/capacity.ulb.be\/index.php\/wp-json\/wp\/v2\/pages\/2008\/revisions"}],"predecessor-version":[{"id":2896,"href":"https:\/\/capacity.ulb.be\/index.php\/wp-json\/wp\/v2\/pages\/2008\/revisions\/2896"}],"wp:attachment":[{"href":"https:\/\/capacity.ulb.be\/index.php\/wp-json\/wp\/v2\/media?parent=2008"}],"curies":[{"name":"wp","href":"https:\/\/api.w.org\/{rel}","templated":true}]}}